 What are the prime factors of y?
2, 3, 5
Suppose 3*g - 108 - 48 = 0. Suppose f + g = 2*f. What are the prime factors of f?
2, 13
Let f = -5011 + 7065. List the prime factors of f.
2, 13, 79
Let x(s) = s**2 - 5*s + 12. Let k = -20 + 32. What are the prime factors of x(k)?
2, 3
Let x(b) = 143*b + 31. List the prime factors of x(2).
317
Let a be (-114)/(-22) - 2/11. Suppose h + 4*t - 52 = -4*h, a*h + 3*t = 49. Let c = h - -1. What are the prime factors of c?
3
Let q(w) = 22*w + 965. List the prime factors of q(41).
1867
Let r = -974 - -1800. Suppose 7*j = r - 252. What are the prime factors of j?
2, 41
Suppose 0 = 2*h - 5*h - 36. Let b(t) = t**2 + 12*t + 14. List the prime factors of b(h).
2, 7
Let w = -6842 + 11899. What are the prime factors of w?
13, 389
Suppose 11 = -3*s + g - 7, 2*s + 11 = g. Let b(n) = 2*n**2 + 10*n - 2. List the prime factors of b(s).
2, 13
Suppose 22508 = -33*m + 82370. What are the prime factors of m?
2, 907
Let c be (2/(-5))/((-3)/180). Let z(b) = -b**3 - 4*b**2 + 2*b + 8. Let f be z(-4). Suppose f = 7*v - 5*v - c. List the prime factors of v.
2, 3
Let u = 485 - -3186. List the prime factors of u.
3671
Let j(o) = 158*o**2 + 7*o - 21. List the prime factors of j(2).
5
Suppose 18 = i - 37. Suppose 10 = -5*g + i. Let z(c) = -c**2 + 14*c - 10. What are the prime factors of z(g)?
5, 7
Let v(s) = 5*s - 11. Let i(w) = -7*w**2 - 3*w**2 + 6 - w**3 + 4*w**2. Let p be i(-6). What are the prime factors of v(p)?
19
Suppose 29*x = 30*x + 223. Let a = 35 - x. What are the prime factors of a?
2, 3, 43
Let s(q) = -3*q**2 - 13*q - 13. Let d be s(-3). Let m = 45 - 81. List the prime factors of ((-2)/(-4))/(d/m).
2, 3
Let g = -44 - -83. Let c be ((-52)/g)/(4/(-9)). Suppose -2*d = -x + 2*d + 46, 3 = -c*d. List the prime factors of x.
2, 3, 7
Let g(y) = -2*y**2 + 17*y + 12. Let l be g(9). Let j(c) be the first derivative of c**4/2 + 2*c**3/3 - 5*c**2/2 + 7*c + 6. What are the prime factors of j(l)?
2
Let c be -2 - 138 - 18/6. List the prime factors of (c/26)/((-2)/20).
5, 11
Suppose 9*j = 1241 + 271. List the prime factors of j.
2, 3, 7
Suppose -4*h - 1 - 15 = -5*c, 0 = c - 4*h. Suppose -c*m + 91 = -121. List the prime factors of m.
53
Let w(l) = -l**3 - 3*l**2 - 2*l - 1. Let o be w(-3). Suppose 3*r - 4 + 18 = -4*n, -3*r + o*n = -31. List the prime factors of 63/r*2/3.
3, 7
Let g(k) = -k**2 + 6*k + 7. Let q be g(6). Let j = 51 - q. What are the prime factors of j?
2, 11
Let h(p) = -2*p**3 - 10*p**2 + 5*p + 3. Let i be h(-6). Let b be -1*(3 - (-1 + 2)). What are the prime factors of 1467/i - b/5?
3, 11
Let t(z) = z**2 - 2*z - 14. List the prime factors of t(-17).
3, 103
Suppose 4*p + y - 1021 = 0, 5*y + 0*y + 229 = p. Let q = 506 - p. What are the prime factors of q?
2, 3, 7
Let v(p) = 4*p**2 + 39*p + 212. What are the prime factors of v(-19)?
3, 5, 61
Suppose 26*x - 136 = 9510. What are the prime factors of x?
7, 53
Let g(m) = m**2 - 14*m + 21. Let y(u) = -u**3 - 12*u**2 - 1. Let p be y(-12). Let w = p - -15. List the prime factors of g(w).
3, 7
Let g(j) = -68*j + 1382. What are the prime factors of g(-32)?
2, 3, 593
Let a(v) be the third derivative of v**2 + 0*v - 5/6*v**3 + 0 + 1/8*v**4 + 1/60*v**5. What are the prime factors of a(-7)?
23
Let z(l) = 57*l - 6. List the prime factors of z(21).
3, 397
Let c = 10 + -8. Suppose -b = -3*p + 1, -4*b + 2*b + c*p = 2. Let m(d) = -30*d + 1. List the prime factors of m(b).
31
What are the prime factors of (-3)/(-1 + (-3840)/(-3849))?
1283
Let c(n) = n**2 - n. Let j be c(0). List the prime factors of 3 - (j - -3) - -48.
2, 3
Suppose -4*j = -3*u - 2290, 0 = -2*j - u + 2*u + 1144. List the prime factors of j.
571
Let d(j) = -2*j**2 - 16*j + 4. Let r be d(-7). Let o = r + -7. Suppose 0 = q - 7 - o. What are the prime factors of q?
2, 3
Let u(d) = -16*d - 19. Let j be u(-5). Let l = -21 + j. List the prime factors of l.
2, 5
Suppose -6*y = -11*y + 1620. Suppose y = 5*l - 3*l. What are the prime factors of l?
2, 3
Suppose 14*d = 13*d - 165. What are the prime factors of -2 + 21/12 + d/(-4)?
41
Let s = -53 + -26. Suppose 0 = -5*l - 0*l + 665. Let c = l + s. List the prime factors of c.
2, 3
Let i(b) = 6*b**2 - 3*b + 95. Let q(n) = -7*n**2 + 3*n - 95. Let x(d) = 6*i(d) + 5*q(d). What are the prime factors of x(0)?
5, 19
Suppose 5*g = -0*g + 5*l + 20, 0 = -5*g - l + 20. Suppose g*s + 14 = -10. What are the prime factors of ((-36)/(-8))/(s/(-16))?
2, 3
Suppose -1138 = -2*l + 2*w - w, 4*w + 8 = 0. List the prime factors of l.
2, 71
Suppose 49 = 4*f - 5*l, 5*l + 38 = 3*f - 0. Let r = f + 35. What are the prime factors of r?
2, 23
Let w be 3/1*38/3. Let a = -1123 + 1188. Let m = a - w. What are the prime factors of m?
3
What are the prime factors of -10*9/(-12)*2380/42?
5, 17
Suppose 260 = 4*q + 52. Let r be 8/(-40) - q/(-10). Suppose r*l - 171 = -5*i - 26, -2*i + 58 = 3*l. List the prime factors of i.
29
Let v(g) = -153*g**3 - g**2 + 10*g + 16. What are the prime factors of v(-2)?
2, 19
Suppose 21*i - 12966 = 13578. List the prime factors of i.
2, 79
Let t be 122*1*-4*2/(-16). Let u = t - -4. What are the prime factors of u?
5, 13
What are the prime factors of (-5 - 7056/8)*(-5 - -4)?
887
Suppose 3*v - 4 = 2. Let t be 10*-4*v/10. Let g = -6 - t. What are the prime factors of g?
2
Let m(o) = 497*o**2 + 10*o + 15. Let q be m(-5). What are the prime factors of (-2)/(-17) - q/(-170)?
73
List the prime factors of -2165*((-160)/25 - -5).
7, 433
Let p be 24/(-6) - 26/(-2). Suppose 14*j = p*j + 70. List the prime factors of j.
2, 7
What are the prime factors of (-1 + (-8)/(-6))*5850/6?
5, 13
Suppose -30*k + 17*k + 24570 = 0. List the prime factors of k.
2, 3, 5, 7
Suppose -4*t - p = -9027, t - 4*p - 2518 + 274 = 0. Suppose 0 = 2*b + 2*b + t. What are the prime factors of b/(-16)*4/3?
47
Let k(u) = 1. Let d(i) = 2*i**3 + i**2 - 2*i - 1. Let n(v) = d(v) + 4*k(v). List the prime factors of n(2).
19
Suppose c = 5*k - 0*k - 6745, k - 1355 = -c. List the prime factors of k.
2, 3, 5
Let x(n) be the second derivative of 0 + n - 4/3*n**3 + n**2. What are the prime factors of x(-4)?
2, 17
Let b = 746 + 62. List the prime factors of b.
2, 101
Suppose 0 = -4*l - 4, 0*l + 117 = 3*a + 3*l. Suppose 3*w + a = p, p = -10*w + 5*w + 64. What are the prime factors of p?
7
Let y(h) = h**2 + h - 1. Let a(z) = -10*z**3 - 4*z**2 - 7*z + 5. Let x = 22 - 23. Let r(n) = x*a(n) - 6*y(n). What are the prime factors of r(1)?
2, 5
Let v(a) = 6*a**2 + 7*a + 28. What are the prime factors of v(8)?
2, 3, 13
Let v(l) = 30 - l**3 - 15*l**2 + 15*l - l**3 + 3*l**3. What are the prime factors of v(14)?
2, 11
Suppose -3*s + 3*h - 177 = 0, s = -h - 39 - 22. Suppose 3*o = p + 8*o - 139, 2*p - 3*o - 252 = 0. Let t = p + s. What are the prime factors of t?
3, 23
List the prime factors of 550 - -9 - (-2 + -1).
2, 281
Let m(h) = -27*h + 6. Let u(n) = -n**3 - 7*n**2 - 6*n - 4. Let z be u(-6). What are the prime factors of m(z)?
2, 3, 19
Let f(o) = -o**3 + 9*o**2 - 3*o - 1. Let p = 40 + -33. What are the prime factors of f(p)?
2, 19
Let l = -18 - -23. Suppose 2*n - 3*v = 21, n = -l*v - 7 - 15. List the prime factors of n.
3
Let a = -100 - -124. Let y(v) = -v**3 + 24*v**2 + 7*v - 46. What are the prime factors of y(a)?
2, 61
Suppose -5*z - 31 + 6 = 0, 4*r + 551 = z. Let u = r + 234. What are the prime factors of u?
5, 19
Let d(h) = 10*h**2 + 3*h - 18. List the prime factors of d(7).
17, 29
Suppose -4*a + 5*z + 7 = 0, -2*a + 3*z + z = -2. Suppose 0 = -a*t - t, 4*t = -2*u + 258. List the prime factors of u.
3, 43
Let t(z) = 2*z + 221. List the prime factors of t(25).
271
Let u = -16 + 20. Suppose 0 = j - 3*j - u*m + 20, 0 = -4*m + 12. Suppose -86 = -j*a + 2*a. What are the prime factors of a?
43
Let c = -40 - -424. List the prime factors of c.
2, 3
Let x(m) = m - 7. Let v be x(7). Suppose 1 - 7 = -4*u + 5*c, v = 2*u - 4*c. Suppose u*o - 72 = -2*n, -o - 62 = -3*n + 39. List the prime factors of n.
2, 17
What are the prime factors of (-822)/(5 - 26/4)?
2, 137
Suppose 275 = 28*p - 27*p. What are the prime factors of p?
5, 11
Let x be (-2*1)/(-17 + 16). Suppose -x = -4*j + 5*j. Let b(u) = 7*u**2 + 5*u + 2. List the prime factors of b(j).
2, 5
Suppose 5*o = 5*k + 180, k + o + 45 = 5*o. Let x = k + 199. List the prime factors of x.
2, 83
Let q = 904 - 452. List the prim